{"id":4796,"date":"2021-06-25T10:52:39","date_gmt":"2021-06-25T10:52:39","guid":{"rendered":"https:\/\/www.blaudisseny.cat\/blaudisseny.cat\/gestio.ftp\/?page_id=4796"},"modified":"2021-06-28T11:12:52","modified_gmt":"2021-06-28T11:12:52","slug":"politica-de-cookies","status":"publish","type":"page","link":"https:\/\/www.blaudisseny.cat\/index.php\/politica-de-cookies\/","title":{"rendered":"Pol\u00edtica de cookies"},"content":{"rendered":"\n<h2 class=\"gb-headline gb-headline-52734b29 gb-headline-text\">Pol\u00edtica de Cookies<\/h2>\n\n\n\n<p class=\"gb-headline gb-headline-b0f378ff gb-headline-text\">Una <em>cookie<\/em> \u00e9s un petit fitxer de text que s&#8217;emmagatzema al seu navegador quan visita qualsevol p\u00e0gina web. La seva utilitat \u00e9s que la web sigui capa\u00e7 de recordar la seva visita quan torni a navegar per aquesta p\u00e0gina. Les <em>cookies<\/em> solen emmagatzemar informaci\u00f3 de car\u00e0cter t\u00e8cnic, prefer\u00e8ncies personals, personalitzaci\u00f3 de continguts, estad\u00edstiques d&#8217;\u00fas, enlla\u00e7os a xarxes socials, acc\u00e9s a comptes d&#8217;usuari, etc. L&#8217;objectiu de la <em>cookie<\/em> \u00e9s adaptar el contingut de la web al seu perfil i necessitats, sense <em>cookies<\/em> els serveis oferits per qualsevol p\u00e0gina es veurien minvats notablement. Si desitja consultar m\u00e9s informaci\u00f3 sobre que s\u00f3n les <em>cookies<\/em>, que emmagatzemen, com eliminar-les, desactivar-les, etc., <span style=\"color:#0071ce\" class=\"has-inline-color\"><a href=\"https:\/\/www.blaudisseny.cat\/index.php\/info-cookies\/\" data-type=\"URL\">li demanem que es dirigeixi a aquest enlla\u00e7<\/a>.<\/span><\/p>\n\n\n\n<p class=\"gb-headline gb-headline-dffa82dd gb-headline-text\"><strong><span style=\"color:#0071ce\" class=\"has-inline-color\">Cookies utilitzades en aquest lloc web<\/span><\/strong><\/p>\n\n\n\n<p class=\"gb-headline gb-headline-d8b61dfa gb-headline-text\">Seguint les directrius de l&#8217;Ag\u00e8ncia Espanyola de Protecci\u00f3 de Dades procedim a detallar l&#8217;\u00fas de les cookies que fa aquesta web amb la finalitat d&#8217;informar-lo amb la m\u00e0xima exactitud&nbsp;possible. <br><br>Aquest lloc web utilitza les seg\u00fcents <strong>cookies propies<\/strong>:<br>&gt; Cookies de sessi\u00f3, per garantir que els usuaris que escriguin comentaris al blog siguin humans i no aplicacions automatitzades. D&#8217;aquesta manera es combat el <em>spam<\/em>. <br><br>Aquest lloc web utilitza les seg\u00fcents <strong>cookies de tercers<\/strong>:<br>&gt; Google Analytics: Emmagatzema cookies per poder elaborar estad\u00edstiques sobre el tr\u00e0fic i volum de visites d&#8217;aquesta web. En l&#8217;utilitzar aquest lloc web est\u00e0 consentint el tractament d&#8217;informaci\u00f3 sobre vost\u00e8 per Google. Per tant, l&#8217;exercici de qualsevol dret en aquest sentit haur\u00e0 de comunicar-ho directament amb Google. <br>&gt; Xarxes Socials: cada xarxa social utilitza les seves pr\u00f2pies cookies perqu\u00e8 vost\u00e8 pugui clicar en els botons de tipus <em>Me gusta<\/em> o <em>Compartir<\/em>.<\/p>\n\n\n\n<p class=\"gb-headline gb-headline-8b7bf6d3 gb-headline-text\"><strong><span style=\"color:#0071ce\" class=\"has-inline-color\">Desactivaci\u00f3 o eliminaci\u00f3 de cookies<\/span><\/strong><\/p>\n\n\n\n<p class=\"gb-headline gb-headline-1e666e1d gb-headline-text\">En qualsevol moment podr\u00e0 exercir el seu dret de desactivaci\u00f3 o eliminaci\u00f3 de cookies d&#8217;aquest lloc web. Aquestes accions es realitzen de manera diferent en funci\u00f3 del navegador que estigui utilitzant. <span style=\"color:#0071ce\" class=\"has-inline-color\"><a href=\"https:\/\/www.blaudisseny.cat\/index.php\/info-cookies\/\" data-type=\"URL\">Aqu\u00ed li deixem una guia r\u00e0pida pels navegadors m\u00e9s populars<\/a>.<\/span> <\/p>\n\n\n\n<p class=\"gb-headline gb-headline-9171fad2 gb-headline-text\"><strong><span style=\"color:#0071ce\" class=\"has-inline-color\">Notes addicionals<\/span><\/strong><\/p>\n\n\n\n<p class=\"gb-headline gb-headline-f5cc2b6a gb-headline-text\">&gt; Ni aquesta web ni els seus representants legals es fan responsables ni del contingut ni de la veracitat de les pol\u00edtiques de privacitat que puguin tenir els tercers mencionats en aquesta pol\u00edtica de cookies.<br>&gt; Els navegadors web s\u00f3n les eines encarregades d&#8217;emmagatzemar les cookies i des d&#8217;aquest lloc han d&#8217;efectuar el seu dret a eliminaci\u00f3 o desactivaci\u00f3 d&#8217;aquestes. Ni aquesta web ni els seus representants legals poden garantir la correcta o incorrecta manipulaci\u00f3 de les cookies per part dels nomenats navegadors. <br>&gt; En alguns casos \u00e9s necessari instal\u00b7lar cookies perqu\u00e8 el navegador no oblidi la seva decisi\u00f3 de no acceptaci\u00f3 d&#8217;aquestes. <br>&gt; En el cas de les cookies de Google Analytics, aquesta empresa emmagatzema les cookies en servidors ubicats als Estats Units i es compromet a no compartir-les amb tercers, excepte en els casos en el que sigui necessari per al funcionament del sistema o quan la llei obligui a tal efecte. Segons Google no guarda la seva direcci\u00f3 IP. Google Inc. \u00e9s una companyia adherida a l&#8217;Acord de Port Segur que garanteix que totes les dades transferides siguin tractades amb un nivell de protecci\u00f3 d&#8217;acord amb la normativa europea. Si desitja informaci\u00f3 sobre l&#8217;\u00fas que Google dona a les cookies li<a href=\"https:\/\/developers.google.com\/analytics\/devguides\/collection\/analyticsjs\/cookie-usage?hl=es&amp;csw=1\"> <\/a><span style=\"color:#0071ce\" class=\"has-inline-color\"><a href=\"https:\/\/developers.google.com\/analytics\/devguides\/collection\/analyticsjs\/cookie-usage?hl=es&amp;csw=1\" data-type=\"URL\" data-id=\"https:\/\/developers.google.com\/analytics\/devguides\/collection\/analyticsjs\/cookie-usage?hl=es&amp;csw=1\">adjuntem aquest altre enlla\u00e7<\/a><\/span>. <br>&gt; Per a qualsevol dubte o consulta sobre aquesta pol\u00edtica de cookies no dubti en comunicar-se amb nosaltres a trav\u00e9s de la secci\u00f3 contacte. <br><br>Assessor de Cookies \u00e9s un <span style=\"color:#0071ce\" class=\"has-inline-color\"><a href=\"https:\/\/wordpress.org\/plugins\/asesor-cookies-para-la-ley-en-espana\/\">pluguin per a WordPress<\/a><\/span> creat per Carlos Doral (<span style=\"color:#0071ce\" class=\"has-inline-color\"><a href=\"https:\/\/webartesanal.com\/\">webartesanal.com<\/a><\/span>)<\/p>\n","protected":false},"excerpt":{"rendered":"<p>Pol\u00edtica de Cookies Una cookie \u00e9s un petit fitxer de text que s&#8217;emmagatzema al seu navegador quan visita qualsevol p\u00e0gina web. La seva utilitat \u00e9s que la web sigui capa\u00e7 de recordar la seva visita quan torni a navegar per aquesta p\u00e0gina. Les cookies solen emmagatzemar informaci\u00f3 de car\u00e0cter t\u00e8cnic, prefer\u00e8ncies personals, personalitzaci\u00f3 de continguts, &#8230; <a title=\"Pol\u00edtica de cookies\" class=\"read-more\" href=\"https:\/\/www.blaudisseny.cat\/index.php\/politica-de-cookies\/\" aria-label=\"M\u00e1s en Pol\u00edtica de cookies\">Leer m\u00e1s<\/a><\/p>\n","protected":false},"author":1,"featured_media":0,"parent":0,"menu_order":0,"comment_status":"closed","ping_status":"closed","template":"","meta":{"footnotes":""},"class_list":["post-4796","page","type-page","status-publish"],"_links":{"self":[{"href":"https:\/\/www.blaudisseny.cat\/index.php\/wp-json\/wp\/v2\/pages\/4796","targetHints":{"allow":["GET"]}}],"collection":[{"href":"https:\/\/www.blaudisseny.cat\/index.php\/wp-json\/wp\/v2\/pages"}],"about":[{"href":"https:\/\/www.blaudisseny.cat\/index.php\/wp-json\/wp\/v2\/types\/page"}],"author":[{"embeddable":true,"href":"https:\/\/www.blaudisseny.cat\/index.php\/wp-json\/wp\/v2\/users\/1"}],"replies":[{"embeddable":true,"href":"https:\/\/www.blaudisseny.cat\/index.php\/wp-json\/wp\/v2\/comments?post=4796"}],"version-history":[{"count":8,"href":"https:\/\/www.blaudisseny.cat\/index.php\/wp-json\/wp\/v2\/pages\/4796\/revisions"}],"predecessor-version":[{"id":4936,"href":"https:\/\/www.blaudisseny.cat\/index.php\/wp-json\/wp\/v2\/pages\/4796\/revisions\/4936"}],"wp:attachment":[{"href":"https:\/\/www.blaudisseny.cat\/index.php\/wp-json\/wp\/v2\/media?parent=4796"}],"curies":[{"name":"wp","href":"https:\/\/api.w.org\/{rel}","templated":true}]}}